q(r) = -r**2 + 6881*r + 27562. Determine q(-4).
22
Let q(u) = 3*u**3 + 332*u**2 - 318*u - 15. Give q(1).
2
Let v(i) = 5*i**3 - 16*i**2 - 41*i - 19. What is v(4)?
-119
Let f(d) = -39*d + 6696. What is f(190)?
-714
Let x(w) = -589361*w + 1178709. Give x(2).
-13
Let w(z) = -824*z - 12563. Give w(-15).
-203
Let d(s) = -4808*s - 2634834. Give d(-548).
-50
Let q(z) = 2*z**3 + 256*z**2 + 219*z - 4445. Calculate q(-127).
0
Let r(k) = 41*k**2 - 2362*k - 139. Determine r(59).
3224
Let l(c) = 28*c**2 + 3674*c - 2. Calculate l(0).
-2
Let k(i) = -904*i + 34334. Determine k(38).
-18
Let t(d) = -4932*d - 463582. Give t(-94).
26
Let i(s) = s**3 - 213*s**2 + 340*s + 15509. Calculate i(211).
-1793
Let v(b) = 3618*b + 50666. Calculate v(-14).
14
Let r(u) = -2*u**2 - 16387*u - 36. Calculate r(0).
-36
Let p(s) = -s**3 - 45*s**2 + 320*s - 169. Calculate p(-51).
-883
Let a(y) = -17*y**2 - 1318*y - 5251. Determine a(-4).
-251
Let q(v) = -1457*v - 175. Determine q(0).
-175
Let u(d) = -d**2 + 234*d + 1554. Calculate u(-7).
-133
Let j(q) = -2891*q + 326696. What is j(113)?
13
Let s(d) = -444*d - 80350. Determine s(-181).
14
Let s(v) = -95*v**2 - 4933*v + 14799. What is s(3)?
-855
Let y(b) = 94*b**2 - 465*b - 26. What is y(5)?
-1
Let l(z) = -8*z**2 + 27138*z - 81405. Determine l(3).
-63
Let o(r) = 102*r**2 - 17654*r + 1374. Calculate o(173).
-10
Let p(s) = 253*s**2 + 3026*s - 82. Determine p(-12).
38
Let b(d) = -d**2 + 140*d + 351791. What is b(668)?
-913
Let m(f) = -2621*f**2 + 31469*f - 142. What is m(12)?
62
Let r(j) = 208872*j + 2297595. Give r(-11).
3
Let a(j) = -j**3 + 31*j**2 + 58*j - 1126. Determine a(32).
-294
Let v(a) = 79*a + 12309. Calculate v(-156).
-15
Let t(q) = -36*q - 1771. Give t(-13).
-1303
Let t(c) = c**3 - 14*c**2 - 49*c - 209. Calculate t(18).
205
Let g(u) = -u**2 - 35*u + 150662. What is g(-406)?
36
Let t(a) = 2*a**2 - 212*a - 2620. Give t(110).
-1740
Let r(g) = -g**3 + 44*g**2 - 533*g + 1992. Determine r(27).
-6
Let f(g) = 2*g**3 + 137*g**2 + 473*g - 6596. Calculate f(-64).
-4
Let u(i) = 115*i**2 - 2176*i + 10263. What is u(10)?
3
Let h(x) = 26829*x + 134241. Determine h(-5).
96
Let q(l) = 489063*l - 1956250. What is q(4)?
2
Let g(a) = 223929*a + 7613592. Calculate g(-34).
6
Let f(w) = 6334*w - 1140119. What is f(180)?
1
Let r(s) = 1243*s - 9960. Calculate r(8).
-16
Let u(h) = 30*h**3 - 9531*h**2 + 19057*h + 1. Determine u(2).
231
Let s(q) = 537*q**2 + 581*q + 38. What is s(-1)?
-6
Let f(z) = -496*z - 8788. What is f(-21)?
1628
Let d(m) = -155311*m - 1397796. Give d(-9).
3
Let r(k) = -2*k**2 - 500*k - 11829. Determine r(-27).
213
Let x(v) = 35*v**2 + 88*v - 723. Calculate x(8).
2221
Let f(m) = 1714*m - 18756. Calculate f(11).
98
Let z(m) = -2155*m - 8651. What is z(-4)?
-31
Let g(f) = -170*f**2 + 1883*f + 6961. What is g(14)?
3
Let c(i) = i**3 - 3*i**2 - 54*i - 635. Determine c(12).
13
Let n(g) = 39612*g + 198009. What is n(-5)?
-51
Let d(r) = -65149*r + 10945040. What is d(168)?
8
Let q(w) = 41*w**3 + 497*w**2 + 64*w + 54. Calculate q(-12).
6
Let i(f) = -31*f**2 - 1985*f - 9175. Determine i(-59).
29
Let s(q) = -1516*q - 40907. What is s(-27)?
25
Let n(u) = 2915*u - 816409. Determine n(280).
-209
Let x(b) = -3004*b - 17974. Give x(-6).
50
Let j(p) = 44*p**3 + 14*p**2 - 27*p. What is j(2)?
354
Let m(c) = 9*c**3 - 787*c**2 - 2080*c + 308. Calculate m(90).
-592
Let x(d) = 201*d + 10745. Determine x(-35).
3710
Let s(n) = 3*n**3 - 1461*n**2 + 175605*n + 640. Give s(216).
-8
Let t(z) = 4726*z + 1970731. Calculate t(-417).
-11
Let v(l) = -15*l + 2166. Calculate v(116).
426
Let z(y) = y**3 - 8*y**2 - 3725*y + 22410. Give z(6).
-12
Let g(p) = -783*p + 3941. Determine g(5).
26
Let c(m) = m**2 - 1318*m + 358206. Give c(383).
101
Let r(v) = -1096*v - 33967. Determine r(-31).
9
Let t(h) = 3*h**3 - 311*h**2 + 69*h + 14112. Give t(103).
1
Let p(j) = 3*j**2 - 633*j - 19287. What is p(238)?
-9
Let t(x) = -2*x**2 - 191*x - 3648. Give t(-29).
209
Let i(p) = -1579*p**2 + 11*p - 19. What is i(1)?
-1587
Let k(m) = 6*m**3 - 47*m**2 + 116*m - 306. Give k(6).
-6
Let w(s) = 10*s**3 + 74*s**2 + 224*s + 1419. Determine w(-7).
47
Let z(k) = k**3 + 10*k**2 + 34*k + 124. Calculate z(-7).
33
Let t(q) = -55798*q - 12554540. Calculate t(-225).
10
Let k(a) = 44*a**3 + 156*a**2 + 99*a + 58. Give k(-3).
-23
Let j(k) = 127313*k - 12349376. Give j(97).
-15
Let k(u) = -108*u**2 + 8543*u - 867. Calculate k(79).
2
Let v(k) = 78*k + 1220. Determine v(-24).
-652
Let x(d) = 6*d**2 + 278*d - 113. Determine x(-45).
-473
Let d(n) = -1158*n - 2556. What is d(-2)?
-240
Let b(n) = 2*n**3 + 66*n**2 - 289*n + 306. Determine b(-37).
47
Let f(i) = -1375*i - 22179. Calculate f(-16).
-179
Let b(l) = l**2 - 202*l + 6113. Give b(40).
-367
Let v(o) = -o**3 - 111*o**2 - 147*o - 55746. Give v(-114).
0
Let u(p) = -p**3 - 298*p**2 + 8094*p + 6113. Calculate u(-323).
-24
Let f(m) = 2*m**2 - 195*m + 526. Determine f(103).
1659
Let l(h) = -h**3 - 21*h**2 - 91*h + 79. Give l(-7).
30
Let s(x) = -619*x**3 + 2*x**2 - 165*x - 167. Give s(-1).
619
Let x(t) = -5*t**3 + 21*t**2 + 4*t + 130. What is x(6)?
-170
Let v(h) = -9088*h - 318088. Calculate v(-35).
-8
Let b(u) = 4*u**3 - 190*u**2 - 557*u + 11. Give b(-3).
-136
Let i(a) = -34314*a - 12833434. Give i(-374).
2
Let w(t) = 2*t**2 + 71*t - 2801. Calculate w(23).
-110
Let n(j) = 6*j**3 - 216*j**2 + 219*j - 10. What is n(1)?
-1
Let m(h) = h**3 - 116*h**2 - 8505*h - 2090. Give m(167).
-86
Let s(q) = 2*q**2 - 78348*q - 1254079. What is s(-16)?
1
Let v(k) = -3060*k - 908818. Determine v(-297).
2
Let q(b) = 24*b**3 - 5977*b**2 + 267*b - 4478. Give q(249).
4
Let y(k) = 2*k**3 - 3712*k**2 + 18505*k + 9254. Calculate y(1851).
-1
Let a(x) = -3203*x + 115334. What is a(36)?
26
Let t(v) = -2*v**3 - 8*v**2 - 81*v - 231. Give t(-3).
-6
Let g(i) = 443*i - 7232. Give g(16).
-144
Let f(s) = -235*s**3 - 14*s - 15. Give f(-1).
234
Let c(i) = -4*i**2 - 18671*i + 525922. Calculate c(28).
-2
Let j(g) = g**3 - 54*g**2 - 53*g - 14. Calculate j(55).
96
Let i(c) = -780*c**2 + 546*c - 94. Give i(1).
-328
Let n(z) = z**3 - 107*z**2 + 1353*z - 4751. Give n(93).
-8
Let q(v) = -v**3 + 125*v**2 - 368*v - 162. Calculate q(122).
-406
Let k(c) = -c**2 - 918*c - 5492. Calculate k(-6).
-20
Let a(t) = -28*t**3 - 9*t**2 - 4*t + 32. Calculate a(2).
-236
Let a(c) = 4*c**2 + 775*c - 4803. Calculate a(6).
-9
Let t(a) = 9*a**2 + 2504*a + 10467. Calculate t(-274).
55
Let w(s) = s**3 + 1973*s**2 + 120325*s - 325. Give w(-63).
-10
Let l(g) = -g**2 + 92*g - 1911. Give l(16).
-695
Let l(i) = -624*i**2 + 10447*i + 32. Determine l(17).
-2705
Let y(v) = 33448*v + 1. What is y(0)?
1
Let v(m) = -1070*m + 4763. Determine v(5).
-587
Let j(c) = -c**2 - 63*c + 1296. Calculate j(-41).
2198
Let m(z) = -2*z**3 + 67*z**2 - 323*z - 163. Calculate m(28).
-583
Let n(r) = 126*r - 4713. Calculate n(38).
75
Let t(u) = u**3 + 15*u**2 - 243*u - 82. Give t(15).
3023
Let q(t) = 67*t**2 + 618*t - 646. What is q(1)?
39
Let j(l) = 307*l - 99616. Calculate j(324).
-148
Let y(g) = 2538*g + 367800. Give y(-145).
-210
Let n(b) = 2*b + 149. Give n(39).
227
Let m(t) = 269*t - 13467. Determine m(55).
1328
Let o(x) = 98*x**2 + 596*x - 1189. What is o(2)?
395
Let p(m) = -m**3 + 99*m**2 + 101*m - 81. Give p(100).
19
Let b(c) = -2*c**2 - 2506*c + 430241. What is b(-1406)?
5
Let k(l) = -l**2 + 5929*l - 3687440. Give k(706).
-2
Let r(b) = 500*b**2 + 18501*b - 131. What is r(-37)?
-168
Let l(r) = 8*r**2 - 489*r - 39438. Calculate l(-46).
-16
Let g(w) = -7221*w - 151650. What is g(-21)?
-9
Let w(c) = -19910*c + 79521. Give w(4).
-119
Let b(k) = 2*k**2 - 232*k + 1140. Calculate b(5).
30
Let x(p) = p**3 - 288*p**2 - 2017*p - 14169. Calculate x(295).
-9
Let n(l) = -10512*l - 52549. What is n(-5)?
11
Let v(o) = -o**3 + 35*o**2 + 176*o - 5053. Calculate v(36).
-13
Let f(q) = -692161*q + 4152959. Determine f(6).
-7
Let x(b) = -63*b + 1287. Give x(20).
27
Let f(q) = 52483*q + 471990. Calculate f(-9).
-357
Let h(m) = -2*m**3 + 75*m**2 + 31*m + 55. Give h(38).
-211
Let a(v) = -v**3 - 26*v**2 + 171*v + 4227. Give a(-22).
-1471
Let y(l) = -220*l + 57498. What is y(261)?
78
Let o(u) = -5*u**3 - 60*u**2 + 2138*u + 12820. Determine o(-25).
-5
Let z(o) = 44953*o - 539362. What is z(12)?
74
Let g(y) = -950*y + 186206. What is g(196)?
6
Let d(p) = -p**3 - 16*p**2 - 621*